{"id":2119,"date":"2019-11-06T14:57:49","date_gmt":"2019-11-06T16:57:49","guid":{"rendered":"http:\/\/press.live4jesus.com.br\/?page_id=2119"},"modified":"2019-11-13T13:35:40","modified_gmt":"2019-11-13T15:35:40","slug":"conheca-nos-2","status":"publish","type":"page","link":"https:\/\/press.live4jesus.com.br\/?page_id=2119","title":{"rendered":"Conhe\u00e7a-nos"},"content":{"rendered":"\n<p>O LIVE4JESUS \u00e9 um projeto do <a rel=\"noreferrer noopener\" aria-label=\"Minist\u00e9rio S\u00f3 Boas Novas (abre numa nova aba)\" href=\"http:\/\/soboasnovas.com.br\" target=\"_blank\">Minist\u00e9rio S\u00f3 Boas Novas<\/a> para criar uma nova experimenta\u00e7\u00e3o do Evangelho de Jesus onde as pessoas est\u00e3o, atrav\u00e9s do Louvor, da Palavra, da Ora\u00e7\u00e3o e de um ambiente que proporcione Relacionamento e Transforma\u00e7\u00e3o.<\/p>\n\n\n\n<div class=\"wp-block-image\"><figure class=\"aligncenter is-resized\"><img loading=\"lazy\" decoding=\"async\" src=\"http:\/\/press.live4jesus.com.br\/wp-content\/uploads\/2019\/11\/tambor2-1024x797.png\" alt=\"\" class=\"wp-image-2294\" width=\"349\" height=\"271\" srcset=\"https:\/\/press.live4jesus.com.br\/wp-content\/uploads\/2019\/11\/tambor2-1024x797.png 1024w, https:\/\/press.live4jesus.com.br\/wp-content\/uploads\/2019\/11\/tambor2-300x233.png 300w, https:\/\/press.live4jesus.com.br\/wp-content\/uploads\/2019\/11\/tambor2-768x597.png 768w\" sizes=\"auto, (max-width: 349px) 100vw, 349px\" \/><\/figure><\/div>\n\n\n\n<div class=\"wp-block-media-text alignwide\"><figure class=\"wp-block-media-text__media\"><img loading=\"lazy\" decoding=\"async\" width=\"768\" height=\"274\" src=\"http:\/\/press.live4jesus.com.br\/wp-content\/uploads\/2019\/11\/banner-sbn-copy-2-768x274-1.jpg\" alt=\"\" class=\"wp-image-2116\" srcset=\"https:\/\/press.live4jesus.com.br\/wp-content\/uploads\/2019\/11\/banner-sbn-copy-2-768x274-1.jpg 768w, https:\/\/press.live4jesus.com.br\/wp-content\/uploads\/2019\/11\/banner-sbn-copy-2-768x274-1-300x107.jpg 300w\" sizes=\"auto, (max-width: 768px) 100vw, 768px\" \/><\/figure><div class=\"wp-block-media-text__content\">\n<p class=\"has-large-font-size\"><em>\u201cTornar o Minist\u00e9rio S<a href=\"http:\/\/soboasnovas.com.br\" target=\"_blank\" rel=\"noreferrer noopener\" aria-label=\"\u00f3 Boas Novas \u2013 SBN (abre numa nova aba)\">\u00f3 Boas Novas \u2013 SBN<\/a> relevante e  conhecido por seus disc\u00edpulos criativos e com uma surpreendente energia  para enfrentar desafios \u2013 de seguir e influenciar seus amigos para  seguir o Mestre Jesus.\u201d<\/em><\/p>\n<\/div><\/div>\n\n\n\n<figure class=\"wp-block-embed-youtube wp-block-embed is-type-video is-provider-youtube wp-embed-aspect-16-9 wp-has-aspect-ratio\"><div class=\"wp-block-embed__wrapper\">\n<iframe loading=\"lazy\" title=\"INSTITUCIONAL\" width=\"1104\" height=\"621\" src=\"https:\/\/www.youtube.com\/embed\/45VNy2-kIKQ?feature=oembed\" frameborder=\"0\" allow=\"accelerometer; autoplay; encrypted-media; gyroscope; picture-in-picture\" allowfullscreen><\/iframe>\n<\/div><figcaption>Institucional &#8220;Quem somos&#8221;<\/figcaption><\/figure>\n\n\n\n<p><strong>N\u00f3s<\/strong>&#8230; &#8220;Somos cria\u00e7\u00e3o de Deus realizada em Cristo Jesus para fazermos boas obras, as quais Deus preparou de antem\u00e3o para que n\u00f3s as pratic\u00e1ssemos.&#8221; Ef\u00e9sios 2:10<\/p>\n\n\n\n<p><strong>Como fazemos&#8230;<\/strong> &#8220;Somos cria\u00e7\u00e3o de Deus realizada em Cristo Jesus para fazermos boas obras, as quais Deus preparou de antem\u00e3o para que n\u00f3s as pratic\u00e1ssemos.&#8221; Ef\u00e9sios 2:10<\/p>\n\n\n\n<p>Acreditamos que o nosso Deus \u00e9 o Deus do novo e o Evangelho \u00e9 uma Boa Nova. Por isso, somos APAIXONADOS PELO NOVO!<\/p>\n","protected":false},"excerpt":{"rendered":"<p>O LIVE4JESUS \u00e9 um projeto do Minist\u00e9rio S\u00f3 Boas Novas para criar uma nova experimenta\u00e7\u00e3o do Evangelho de Jesus onde as pessoas est\u00e3o, atrav\u00e9s do Louvor, da Palavra, da Ora\u00e7\u00e3o e de um ambiente que proporcione Relacionamento e Transforma\u00e7\u00e3o. \u201cTornar o Minist\u00e9rio S\u00f3 Boas Novas \u2013 SBN relevante e conhecido por seus disc\u00edpulos criativos e [&hellip;]<\/p>\n","protected":false},"author":1,"featured_media":0,"parent":0,"menu_order":0,"comment_status":"closed","ping_status":"closed","template":"","meta":{"footnotes":""},"class_list":["post-2119","page","type-page","status-publish","hentry"],"_links":{"self":[{"href":"https:\/\/press.live4jesus.com.br\/index.php?rest_route=\/wp\/v2\/pages\/2119","targetHints":{"allow":["GET"]}}],"collection":[{"href":"https:\/\/press.live4jesus.com.br\/index.php?rest_route=\/wp\/v2\/pages"}],"about":[{"href":"https:\/\/press.live4jesus.com.br\/index.php?rest_route=\/wp\/v2\/types\/page"}],"author":[{"embeddable":true,"href":"https:\/\/press.live4jesus.com.br\/index.php?rest_route=\/wp\/v2\/users\/1"}],"replies":[{"embeddable":true,"href":"https:\/\/press.live4jesus.com.br\/index.php?rest_route=%2Fwp%2Fv2%2Fcomments&post=2119"}],"version-history":[{"count":5,"href":"https:\/\/press.live4jesus.com.br\/index.php?rest_route=\/wp\/v2\/pages\/2119\/revisions"}],"predecessor-version":[{"id":2295,"href":"https:\/\/press.live4jesus.com.br\/index.php?rest_route=\/wp\/v2\/pages\/2119\/revisions\/2295"}],"wp:attachment":[{"href":"https:\/\/press.live4jesus.com.br\/index.php?rest_route=%2Fwp%2Fv2%2Fmedia&parent=2119"}],"curies":[{"name":"wp","href":"https:\/\/api.w.org\/{rel}","templated":true}]}}